{"id":4361,"date":"2026-02-16T09:37:00","date_gmt":"2026-02-16T07:37:00","guid":{"rendered":"https:\/\/suomenvapaatiedeinstituutti.fi\/?page_id=4361"},"modified":"2026-03-27T08:44:04","modified_gmt":"2026-03-27T06:44:04","slug":"events","status":"publish","type":"page","link":"https:\/\/suomenvapaatiedeinstituutti.fi\/en\/events\/","title":{"rendered":"Events"},"content":{"rendered":"\r\n\r\n<section class=\"hero site-banner banner-bg-image section-default left alignfull image\">\r\n\r\n    <div class=\"site-banner-bg section-bg-image \" >\r\n\r\n        <img loading=\"lazy\" decoding=\"async\" width=\"1280\" height=\"960\" src=\"https:\/\/suomenvapaatiedeinstituutti.fi\/wp-content\/uploads\/2026\/02\/kuva2.jpg\" class=\"attachment-1536\u00d71536 size-1536\u00d71536\" alt=\"\" srcset=\"https:\/\/suomenvapaatiedeinstituutti.fi\/wp-content\/uploads\/2026\/02\/kuva2.jpg 1280w, https:\/\/suomenvapaatiedeinstituutti.fi\/wp-content\/uploads\/2026\/02\/kuva2-300x225.jpg 300w, https:\/\/suomenvapaatiedeinstituutti.fi\/wp-content\/uploads\/2026\/02\/kuva2-1024x768.jpg 1024w, https:\/\/suomenvapaatiedeinstituutti.fi\/wp-content\/uploads\/2026\/02\/kuva2-768x576.jpg 768w\" sizes=\"auto, (max-width: 1280px) 100vw, 1280px\" \/>\r\n        \r\n            <div class=\"site-banner-content container\">\r\n                <div class=\"row w-100\">\r\n                    <div class=\"col-md-12\">\r\n\r\n                        <h1 class=\"hero-title\">Events<\/h1><div class=\"inner-content\">\r\n                            <div class=\"acf-innerblocks-container\">\n\n<p class=\"photo-credit\">Photo: Milla Vikstr\u00f6m<\/p>\n\n<\/div>\r\n                        <\/div>                    <\/div>\r\n                <\/div>\r\n            <\/div>\r\n        \r\n        <\/div><\/section>\n\n\n<h3 class=\"wp-block-heading\">Lecture Days of Docents from Various Fields<\/h3>\n\n\n\n<ul class=\"wp-block-list\">\n<li>2 May 2026, at 12\u201318, Stockfors, Patruunantalo<\/li>\n<\/ul>\n\n\n\n<p>The lecture days of docents from various fields consist of lectures and audience discussions by docents. Admission to the events is free.<\/p>\n\n\n\n<h3 class=\"wp-block-heading\">Pyht\u00e4\u00e4 K\u00e4sitekes\u00e4 2026: science-art-culture festival<\/h3>\n\n\n\n<p>10\u201311 July 2026, 16\u201322, Stockfors, Kaarihalli<\/p>\n\n\n\n<p>Pyht\u00e4\u00e4 K\u00e4sitekes\u00e4 is a multidisciplinary and sub-disciplinary festival, which was organized for the first time in the summer of 2025. The program includes, among others, lectures by researchers from various fields of science, panel discussions, art exhibitions and book sales. Admission to the festival is free.<\/p>\n\n\n\r\n<div  class=\"accordion accordion-bg\">\r\n\r\n    <div class=\"acf-innerblocks-container\">\n\r\n<div class=\"accordion-item  \">\r\n    <h2  class=\"accordion-header\">\r\n        <button class=\"accordion-button  collapsed h3\" type=\"button\" data-bs-toggle=\"collapse\" data-bs-target=\"#collapse-848117702\" aria-expanded=\"false\" aria-controls=\"collapse-848117702\">\r\n            \r\n            <span>Past events<\/span>        <\/button>\r\n    <\/h2>\r\n    <div id=\"collapse-848117702\" class=\"accordion-collapse collapse  \" aria-labelledby=\"heading-848117702\">\r\n        <div class=\"accordion-body\">\r\n            <div class=\"acf-innerblocks-container\">\n\n<h3 class=\"wp-block-heading\">Pyht\u00e4\u00e4 K\u00e4sitekes\u00e4 Festival 2025<\/h3>\n\n\n\n<p>Pyht\u00e4\u00e4 K\u00e4sitekes\u00e4 Festival was held on 11\u201312 July 2025 at Kaarihalli in Stockfors. The festival was the opening event of The Free Science Institute of Finland.<\/p>\n\n\n\n<p>Event program:<\/p>\n\n\n\n<p>Friday 11 July<\/p>\n\n\n\n<ul class=\"wp-block-list\">\n<li>16.00 Festival opening Taina &amp; Janne Saarikivi. Festival blessing by country priest Johannes Alaranta<\/li>\n\n\n\n<li>16.05 Docent Janne Saarikivi: Etymological yard walk in a manor house environment, including new etymologies for place names in Kymenlaakso<\/li>\n\n\n\n<li>16.30 Cosmologist Kari Enqvist: General discussion on the topic of natural sciences vs. humanities<\/li>\n\n\n\n<li>17.00 University lecturer Joonas Maristo: Baba Taher in Persian poetry<\/li>\n\n\n\n<li>17.30 Doctor of Theology Johannes Alaranta: Religion and mental health<\/li>\n\n\n\n<li>18\u201319 Panel discussion <em>Quo vadis rule of law Finland?<\/em> Panellists: Professor Emeritus of Legal History and Roman Law Jukka Kekkonen and Director of the Human Rights Centre Jarna Petman. Moderator: Docent Taina Saarikivi.<\/li>\n\n\n\n<li>19.30 Doctor of Philosophy Hanna Lantto: It has been customary to address domestic animals in <em>hika<\/em>, but bees should be approached politely in <em>zuka<\/em>: Basque forms of address<em>hika<\/em> and <em>zuka<\/em>, past and present practice<\/li>\n\n\n\n<li>20.00 Doctor of Social Sciences Salla Nazarenko: History of human rights thinking in Russia<\/li>\n\n\n\n<li>20.30 Brain researcher Minna Huotilainen: Is neuroscience afraid of gender and other spectrums?<\/li>\n\n\n\n<li>21.00 Non-fiction writer Viljami Puustinen: The Iron Age of Pyht\u00e4\u00e4<\/li>\n\n\n\n<li>21.30 Music: Reuna-Uusimaa singers P\u00f6rri and Anssi<\/li>\n<\/ul>\n\n\n\n<p>Saturday 12 July<\/p>\n\n\n\n<ul class=\"wp-block-list\">\n<li>16.00 Writer Sirpa K\u00e4hk\u00f6nen: The Savoland sanctity of word invention<\/li>\n\n\n\n<li>16.30 Professor of World Politics Teivo Teivainen: Mannerheim&#8217;s anti-semitism and the anachronism card<\/li>\n\n\n\n<li>17.00 Journalist Matti R\u00f6nk\u00e4: About Savoland<\/li>\n\n\n\n<li>17.30 Docent Pia Houni: Fundamental attribution error: do right, wrong and responsibility matter to modern people?<\/li>\n\n\n\n<li>18-\u201319 Panel discussion <em>The state of the university and the new science institute in Stockfors.<\/em> Panellists: Professor of European History Laura Kolbe, Professor of Architecture Panu Savolainen and Professor Emeritus of Telecommunications Engineering Olli Silven. Moderator: Docent Janne Saarikivi.<\/li>\n\n\n\n<li>19.30 Historian Seppo Aalto: Kymenlaakso: Valley of Rebellion 1918<\/li>\n\n\n\n<li>20.00 Professor of architecture Panu Savolainen: Alternative academic institutes and architectural activism<\/li>\n\n\n\n<li>20.30 Music: Vocal ensemble K\u00e4rh\u00e4m\u00e4: Etymology songs<\/li>\n\n\n\n<li>21.00 Music: Petri V\u00e4h\u00e4sarja &amp; friends: Music from V\u00e4h\u00e4sarja<\/li>\n<\/ul>\n\n\n\n<p>In addition, the festival featured exhibitions by textile artist Varpu Eronen, visual artist Saara Vainio and visual artist Jiri Geller, as well as an audio work by Taina Saarikivi.<\/p>\n\n\n\n<p>Book publishers Kiuas, Kulttuurilehti S\u00e4r\u00f6 &amp; publishing house S\u00e4r\u00f6t\u00e4r, Kovasana, Salakirjat, Sukukansojen yst\u00e4vat ry, Rosebud Sivullinen and Warelia presented and sold their books.<\/p>\n\n\n\n<p>Bread guru and \u201croot mother\u201d Eliisa Kuusela sold her freshly baked sourdough breads as well as bread roots and books about sourdough bread.<\/p>\n\n<\/div>        <\/div>\r\n\r\n\r\n    <\/div>\r\n<\/div>\n<\/div>\r\n<\/div>\n\n\n<div class=\"wp-block-cover alignfull is-style-default\"><img loading=\"lazy\" decoding=\"async\" width=\"1024\" height=\"946\" class=\"wp-block-cover__image-background wp-image-4490 size-large\" alt=\"\" src=\"https:\/\/suomenvapaatiedeinstituutti.fi\/wp-content\/uploads\/2026\/03\/alabanneri-svti-1024x946.jpg\" data-object-fit=\"cover\" srcset=\"https:\/\/suomenvapaatiedeinstituutti.fi\/wp-content\/uploads\/2026\/03\/alabanneri-svti-1024x946.jpg 1024w, https:\/\/suomenvapaatiedeinstituutti.fi\/wp-content\/uploads\/2026\/03\/alabanneri-svti-300x277.jpg 300w, https:\/\/suomenvapaatiedeinstituutti.fi\/wp-content\/uploads\/2026\/03\/alabanneri-svti-768x710.jpg 768w, https:\/\/suomenvapaatiedeinstituutti.fi\/wp-content\/uploads\/2026\/03\/alabanneri-svti-1536x1420.jpg 1536w, https:\/\/suomenvapaatiedeinstituutti.fi\/wp-content\/uploads\/2026\/03\/alabanneri-svti-2048x1893.jpg 2048w\" sizes=\"auto, (max-width: 1024px) 100vw, 1024px\" \/><span aria-hidden=\"true\" class=\"wp-block-cover__background has-black-background-color has-background-dim-40 has-background-dim\"><\/span><div class=\"wp-block-cover__inner-container is-layout-flow wp-block-cover-is-layout-flow\">\n<h2 class=\"wp-block-heading has-text-align-center has-white-color has-text-color\" style=\"font-size:48px\">Contact us<\/h2>\n\n\n\n<p class=\"has-text-align-center\">Have any quostions or want to become a member? Contact us!<\/p>\n\n\n\n<div class=\"wp-block-buttons mt-3 is-content-justification-center is-layout-flex wp-container-core-buttons-is-layout-28206b41 wp-block-buttons-is-layout-flex\">\n<div class=\"wp-block-button is-style-fill\"><a class=\"wp-block-button__link wp-element-button\" href=\"https:\/\/suomenvapaatiedeinstituutti.fi\/en\/contact-us\">Get in touch<\/a><\/div>\n<\/div>\n\n\n\n<p class=\"has-text-align-center photo-credit has-white-color has-text-color has-link-color has-small-font-size wp-elements-7a32e27806393159e1217e69bf8d03e0\">Photo: Copyright \u00a9 <a href=\"https:\/\/stocksnap.io\/\" target=\"_blank\" rel=\"noopener\" title=\"\">Stocksnap<\/a><\/p>\n\n\n\n<div style=\"height:0px\" aria-hidden=\"true\" class=\"wp-block-spacer\"><\/div>\n<\/div><\/div>\n","protected":false},"excerpt":{"rendered":"<p>Lecture Days of Docents from Various Fields The lecture days of docents from various fields consist of lectures and audience discussions by docents. Admission to the events is free. Pyht\u00e4\u00e4 K\u00e4sitekes\u00e4 2026: science-art-culture festival 10\u201311 July 2026, 16\u201322, Stockfors, Kaarihalli Pyht\u00e4\u00e4 K\u00e4sitekes\u00e4 is a multidisciplinary and sub-disciplinary festival, which was organized for the first time [&hellip;]<\/p>\n","protected":false},"author":1,"featured_media":0,"parent":0,"menu_order":0,"comment_status":"closed","ping_status":"closed","template":"","meta":{"_acf_changed":false,"footnotes":""},"class_list":["post-4361","page","type-page","status-publish","hentry"],"acf":[],"aioseo_notices":[],"_links":{"self":[{"href":"https:\/\/suomenvapaatiedeinstituutti.fi\/en\/wp-json\/wp\/v2\/pages\/4361","targetHints":{"allow":["GET"]}}],"collection":[{"href":"https:\/\/suomenvapaatiedeinstituutti.fi\/en\/wp-json\/wp\/v2\/pages"}],"about":[{"href":"https:\/\/suomenvapaatiedeinstituutti.fi\/en\/wp-json\/wp\/v2\/types\/page"}],"author":[{"embeddable":true,"href":"https:\/\/suomenvapaatiedeinstituutti.fi\/en\/wp-json\/wp\/v2\/users\/1"}],"replies":[{"embeddable":true,"href":"https:\/\/suomenvapaatiedeinstituutti.fi\/en\/wp-json\/wp\/v2\/comments?post=4361"}],"version-history":[{"count":1,"href":"https:\/\/suomenvapaatiedeinstituutti.fi\/en\/wp-json\/wp\/v2\/pages\/4361\/revisions"}],"predecessor-version":[{"id":4514,"href":"https:\/\/suomenvapaatiedeinstituutti.fi\/en\/wp-json\/wp\/v2\/pages\/4361\/revisions\/4514"}],"wp:attachment":[{"href":"https:\/\/suomenvapaatiedeinstituutti.fi\/en\/wp-json\/wp\/v2\/media?parent=4361"}],"curies":[{"name":"wp","href":"https:\/\/api.w.org\/{rel}","templated":true}]}}

<section class="hero site-banner banner-bg-image section-default left alignfull image">

    <div class="site-banner-bg section-bg-image " >

        <img loading="lazy" decoding="async" width="1280" height="960" src="https://suomenvapaatiedeinstituutti.fi/wp-content/uploads/2026/02/kuva2.jpg" class="attachment-1536×1536 size-1536×1536" alt="" srcset="https://suomenvapaatiedeinstituutti.fi/wp-content/uploads/2026/02/kuva2.jpg 1280w, https://suomenvapaatiedeinstituutti.fi/wp-content/uploads/2026/02/kuva2-300x225.jpg 300w, https://suomenvapaatiedeinstituutti.fi/wp-content/uploads/2026/02/kuva2-1024x768.jpg 1024w, https://suomenvapaatiedeinstituutti.fi/wp-content/uploads/2026/02/kuva2-768x576.jpg 768w" sizes="auto, (max-width: 1280px) 100vw, 1280px" />
        
            <div class="site-banner-content container">
                <div class="row w-100">
                    <div class="col-md-12">

                        <h1 class="hero-title">Events</h1><div class="inner-content">
                            <div class="acf-innerblocks-container">

<p class="photo-credit">Photo: Milla Vikström</p>

</div>
                        </div>                    </div>
                </div>
            </div>
        
        </div></section>


<h3 class="wp-block-heading">Lecture Days of Docents from Various Fields</h3>



<ul class="wp-block-list">
<li>2 May 2026, at 12–18, Stockfors, Patruunantalo</li>
</ul>



<p>The lecture days of docents from various fields consist of lectures and audience discussions by docents. Admission to the events is free.</p>



<h3 class="wp-block-heading">Pyhtää Käsitekesä 2026: science-art-culture festival</h3>



<p>10–11 July 2026, 16–22, Stockfors, Kaarihalli</p>



<p>Pyhtää Käsitekesä is a multidisciplinary and sub-disciplinary festival, which was organized for the first time in the summer of 2025. The program includes, among others, lectures by researchers from various fields of science, panel discussions, art exhibitions and book sales. Admission to the festival is free.</p>



<div  class="accordion accordion-bg">

    <div class="acf-innerblocks-container">

<div class="accordion-item  ">
    <h2  class="accordion-header">
        <button class="accordion-button  collapsed h3" type="button" data-bs-toggle="collapse" data-bs-target="#collapse-848117702" aria-expanded="false" aria-controls="collapse-848117702">
            
            <span>Past events</span>        </button>
    </h2>
    <div id="collapse-848117702" class="accordion-collapse collapse  " aria-labelledby="heading-848117702">
        <div class="accordion-body">
            <div class="acf-innerblocks-container">

<h3 class="wp-block-heading">Pyhtää Käsitekesä Festival 2025</h3>



<p>Pyhtää Käsitekesä Festival was held on 11–12 July 2025 at Kaarihalli in Stockfors. The festival was the opening event of The Free Science Institute of Finland.</p>



<p>Event program:</p>



<p>Friday 11 July</p>



<ul class="wp-block-list">
<li>16.00 Festival opening Taina &amp; Janne Saarikivi. Festival blessing by country priest Johannes Alaranta</li>



<li>16.05 Docent Janne Saarikivi: Etymological yard walk in a manor house environment, including new etymologies for place names in Kymenlaakso</li>



<li>16.30 Cosmologist Kari Enqvist: General discussion on the topic of natural sciences vs. humanities</li>



<li>17.00 University lecturer Joonas Maristo: Baba Taher in Persian poetry</li>



<li>17.30 Doctor of Theology Johannes Alaranta: Religion and mental health</li>



<li>18–19 Panel discussion <em>Quo vadis rule of law Finland?</em> Panellists: Professor Emeritus of Legal History and Roman Law Jukka Kekkonen and Director of the Human Rights Centre Jarna Petman. Moderator: Docent Taina Saarikivi.</li>



<li>19.30 Doctor of Philosophy Hanna Lantto: It has been customary to address domestic animals in <em>hika</em>, but bees should be approached politely in <em>zuka</em>: Basque forms of address<em>hika</em> and <em>zuka</em>, past and present practice</li>



<li>20.00 Doctor of Social Sciences Salla Nazarenko: History of human rights thinking in Russia</li>



<li>20.30 Brain researcher Minna Huotilainen: Is neuroscience afraid of gender and other spectrums?</li>



<li>21.00 Non-fiction writer Viljami Puustinen: The Iron Age of Pyhtää</li>



<li>21.30 Music: Reuna-Uusimaa singers Pörri and Anssi</li>
</ul>



<p>Saturday 12 July</p>



<ul class="wp-block-list">
<li>16.00 Writer Sirpa Kähkönen: The Savoland sanctity of word invention</li>



<li>16.30 Professor of World Politics Teivo Teivainen: Mannerheim&#8217;s anti-semitism and the anachronism card</li>



<li>17.00 Journalist Matti Rönkä: About Savoland</li>



<li>17.30 Docent Pia Houni: Fundamental attribution error: do right, wrong and responsibility matter to modern people?</li>



<li>18-–19 Panel discussion <em>The state of the university and the new science institute in Stockfors.</em> Panellists: Professor of European History Laura Kolbe, Professor of Architecture Panu Savolainen and Professor Emeritus of Telecommunications Engineering Olli Silven. Moderator: Docent Janne Saarikivi.</li>



<li>19.30 Historian Seppo Aalto: Kymenlaakso: Valley of Rebellion 1918</li>



<li>20.00 Professor of architecture Panu Savolainen: Alternative academic institutes and architectural activism</li>



<li>20.30 Music: Vocal ensemble Kärhämä: Etymology songs</li>



<li>21.00 Music: Petri Vähäsarja &amp; friends: Music from Vähäsarja</li>
</ul>



<p>In addition, the festival featured exhibitions by textile artist Varpu Eronen, visual artist Saara Vainio and visual artist Jiri Geller, as well as an audio work by Taina Saarikivi.</p>



<p>Book publishers Kiuas, Kulttuurilehti Särö &amp; publishing house Särötär, Kovasana, Salakirjat, Sukukansojen ystävat ry, Rosebud Sivullinen and Warelia presented and sold their books.</p>



<p>Bread guru and “root mother” Eliisa Kuusela sold her freshly baked sourdough breads as well as bread roots and books about sourdough bread.</p>

</div>        </div>


    </div>
</div>
</div>
</div>


<div class="wp-block-cover alignfull is-style-default"><img loading="lazy" decoding="async" width="1024" height="946" class="wp-block-cover__image-background wp-image-4490 size-large" alt="" src="https://suomenvapaatiedeinstituutti.fi/wp-content/uploads/2026/03/alabanneri-svti-1024x946.jpg" data-object-fit="cover" srcset="https://suomenvapaatiedeinstituutti.fi/wp-content/uploads/2026/03/alabanneri-svti-1024x946.jpg 1024w, https://suomenvapaatiedeinstituutti.fi/wp-content/uploads/2026/03/alabanneri-svti-300x277.jpg 300w, https://suomenvapaatiedeinstituutti.fi/wp-content/uploads/2026/03/alabanneri-svti-768x710.jpg 768w, https://suomenvapaatiedeinstituutti.fi/wp-content/uploads/2026/03/alabanneri-svti-1536x1420.jpg 1536w, https://suomenvapaatiedeinstituutti.fi/wp-content/uploads/2026/03/alabanneri-svti-2048x1893.jpg 2048w" sizes="auto, (max-width: 1024px) 100vw, 1024px" /><span aria-hidden="true" class="wp-block-cover__background has-black-background-color has-background-dim-40 has-background-dim"></span><div class="wp-block-cover__inner-container is-layout-flow wp-block-cover-is-layout-flow">
<h2 class="wp-block-heading has-text-align-center has-white-color has-text-color" style="font-size:48px">Contact us</h2>



<p class="has-text-align-center">Have any quostions or want to become a member? Contact us!</p>



<div class="wp-block-buttons mt-3 is-content-justification-center is-layout-flex wp-container-core-buttons-is-layout-28206b41 wp-block-buttons-is-layout-flex">
<div class="wp-block-button is-style-fill"><a class="wp-block-button__link wp-element-button" href="https://suomenvapaatiedeinstituutti.fi/en/contact-us">Get in touch</a></div>
</div>



<p class="has-text-align-center photo-credit has-white-color has-text-color has-link-color has-small-font-size wp-elements-7a32e27806393159e1217e69bf8d03e0">Photo: Copyright © <a href="https://stocksnap.io/" target="_blank" rel="noopener" title="">Stocksnap</a></p>



<div style="height:0px" aria-hidden="true" class="wp-block-spacer"></div>
</div></div>

<p>Lecture Days of Docents from Various Fields The lecture days of docents from various fields consist of lectures and audience discussions by docents. Admission to the events is free. Pyhtää Käsitekesä 2026: science-art-culture festival 10–11 July 2026, 16–22, Stockfors, Kaarihalli Pyhtää Käsitekesä is a multidisciplinary and sub-disciplinary festival, which was organized for the first time [&hellip;]</p>
